2 + 115*w - 9198. Determine n(36).
126
Let j(s) = -7*s**2 + 8*s + 40. Give j(-2).
-4
Let x(o) = o**3 + 289*o**2 + 2290*o + 326. Calculate x(-8).
-10
Let w(p) = -p**3 - 92*p**2 - 836*p - 13771. Determine w(-84).
5
Let f(u) = -2344*u - 208687. Calculate f(-89).
-71
Let y(j) = 4*j**2 + 245*j + 3312. Determine y(-40).
-88
Let y(g) = -g**3 + 18*g**2 + 400*g - 911. What is y(30)?
289
Let m(l) = -2*l**3 - 15*l**2 - 121*l - 334. Calculate m(-3).
-52
Let a(j) = j**3 - 48*j**2 - 271*j + 16704. Calculate a(46).
6
Let j(o) = -373*o + 163738. What is j(438)?
364
Let l(k) = -23210*k + 68163. Determine l(3).
-1467
Let c(b) = -116*b**2 - 72844*b + 2500. Determine c(-628).
-12
Let u(l) = 87*l - 9820. Give u(111).
-163
Let l(p) = 242*p**3 + 4*p**2 - 127*p - 130. What is l(-1)?
-241
Let n(y) = -y**3 - 20*y**2 - 5*y + 77. Determine n(-21).
623
Let g(f) = -9*f + 837. Determine g(15).
702
Let x(t) = -3*t**2 - 35*t + 651. What is x(-25)?
-349
Let l(t) = -5*t**2 + 805*t + 19099. What is l(-21)?
-11
Let x(s) = 2*s**2 + 257*s - 1566. Determine x(-136).
474
Let s(l) = -258*l - 16761. What is s(-65)?
9
Let x(y) = 29*y**2 - 875*y - 75. Give x(30).
-225
Let z(m) = m**2 + 230*m - 21366. Determine z(-308).
2658
Let d(i) = -2737*i + 807429. Give d(295).
14
Let o(h) = -644*h - 166759. Calculate o(-259).
37
Let f(x) = -411*x**2 - 1206*x - 1206. Give f(-1).
-411
Let g(y) = 2*y**3 - 117*y**2 + 1017*y - 378. Give g(10).
92
Let t(b) = -2*b**2 + 112*b + 2293. Give t(-16).
-11
Let u(c) = -91600*c - 641142. Determine u(-7).
58
Let v(k) = -k**3 - 53*k**2 + 671*k + 6951. Give v(-7).
0
Let f(m) = 9461*m + 75677. Calculate f(-8).
-11
Let q(i) = 12301*i + 528878. Calculate q(-43).
-65
Let u(c) = -10*c**2 - 557*c - 21. Give u(-54).
897
Let j(q) = -q**3 - 3*q**2 - 90*q - 411. Calculate j(-4).
-35
Let d(n) = 98*n**2 - 363*n - 133. What is d(4)?
-17
Let l(x) = 9*x**2 + 1704*x + 15137. Determine l(-180).
17
Let s(m) = 34*m**3 + 2*m**2 - 11576*m - 11578. Calculate s(-1).
-34
Let y(r) = -9*r**2 - 173*r + 2844. Determine y(-27).
954
Let f(p) = -7*p**2 - 578*p + 7807. What is f(-95)?
-458
Let k(a) = 4086*a - 3093105. Give k(757).
-3
Let l(h) = -h**2 + 102892*h + 1646524. Calculate l(-16).
-4
Let x(v) = -v**2 + 6193*v + 68226. Give x(-11).
-18
Let h(j) = -j**3 + 85*j**2 - 1083*j + 109444. Calculate h(87).
85
Let l(g) = -g**2 + 116090*g - 1625060. Calculate l(14).
4
Let h(k) = -k**2 + 1009*k + 7088. Give h(-7).
-24
Let f(m) = -m**3 - 51*m**2 + 50*m - 919. What is f(-53)?
2049
Let m(u) = 3*u**3 - 1266*u**2 + 8691*u + 156. Calculate m(7).
-12
Let z(a) = -2*a**3 - 78*a**2 + 15*a - 18687. Give z(-44).
13
Let f(l) = 24262*l - 24264. Give f(1).
-2
Let n(z) = -9*z**2 - 2073*z - 71622. What is n(-188)?
6
Let i(z) = 13*z**3 + 31*z**2 - 956*z - 991. Give i(8).
1
Let d(c) = -63371*c - 823781. Give d(-13).
42
Let s(d) = d**2 + 443*d + 4895. Give s(-11).
143
Let w(s) = 993*s**2 + 58561*s - 1521. Give w(-59).
13
Let i(s) = -2*s**3 + 219*s**2 + 250*s + 9229. What is i(111)?
16
Let o(j) = -271*j + 5585. What is o(21)?
-106
Let v(q) = q**3 - 185*q**2 - 10352*q + 262. Determine v(-45).
352
Let l(q) = -4*q**3 - 664*q**2 - 666*q - 1. What is l(-1)?
5
Let c(p) = 23*p**2 + 1131*p - 895. Give c(-50).
55
Let i(n) = -2*n**3 - 334*n**2 + 367*n + 5216. Calculate i(-168).
8
Let j(q) = -10*q**2 + 161*q - 2354. Determine j(15).
-2189
Let a(i) = -3890*i + 74547. Give a(19).
637
Let n(x) = 557570*x + 5017980. Calculate n(-9).
-150
Let i(t) = 2*t**2 + 49*t - 4245. What is i(24)?
-1917
Let z(x) = -x**3 + 35*x**2 - 46*x + 4422. Calculate z(38).
-1658
Let n(c) = -22114*c - 331719. Determine n(-15).
-9
Let d(i) = -23944*i + 694323. Calculate d(29).
-53
Let o(y) = -5*y**3 + 2*y**2 - 115*y - 381. What is o(-3)?
117
Let z(g) = -1889*g - 47419. What is z(-25)?
-194
Let z(k) = 3*k**3 + 70*k**2 + 13*k - 246. Calculate z(-23).
-16
Let t(i) = 3*i**3 + 51*i**2 + 37*i + 45. Give t(-18).
-1593
Let a(j) = -6*j**3 + 670*j**2 + 903*j + 122. What is a(113)?
9
Let k(g) = -2*g**3 - 164*g**2 - 222*g - 3218. What is k(-81)?
1642
Let z(j) = -j**3 - 60*j**2 - 100*j + 931. Give z(-58).
3
Let k(w) = -296*w - 27620. Give k(-92).
-388
Let r(j) = -8*j**2 - 154*j - 710. Give r(-10).
30
Let k(g) = 4031*g + 12018. Determine k(-3).
-75
Let q(n) = -n**2 + 155*n + 10036. Calculate q(-49).
40
Let c(v) = 2*v**3 - 36*v**2 + 24*v + 128. Determine c(18).
560
Let s(j) = -85*j**2 - 29066*j + 1408. Determine s(-342).
40
Let d(a) = a**3 - 25*a**2 + 172*a - 320. Calculate d(7).
2
Let a(q) = -q**3 + 482*q**2 - 34*q - 215018. Calculate a(481).
-11
Let s(y) = y**3 + 38*y**2 + 445*y + 4531. Give s(-28).
-89
Let u(i) = 66*i - 2882. Determine u(42).
-110
Let z(v) = 400*v**2 + v - 721. Determine z(0).
-721
Let j(c) = 1787105*c + 12509742. Give j(-7).
7
Let w(b) = 26461*b - 476290. What is w(18)?
8
Let y(m) = -m**2 - 10227*m - 922504. Give y(-91).
-128
Let h(p) = -1298*p**2 - 11*p - 53. Calculate h(0).
-53
Let g(i) = i**3 - 19*i**2 + 1592*i - 16004. Give g(11).
540
Let x(z) = -454*z + 32142. Calculate x(68).
1270
Let m(c) = 3*c**2 - 242*c + 198. What is m(80)?
38
Let k(i) = -2*i**3 - 69*i**2 - 567*i + 102. Calculate k(-19).
-316
Let p(r) = -1311*r - 55780. Give p(-43).
593
Let z(p) = p**3 + 339*p**2 + 1359*p + 6423. What is z(-335)?
58
Let c(a) = 9*a**3 + 99*a**2 + 8*a + 5. What is c(-3)?
629
Let g(m) = -3660*m - 18997. Calculate g(-5).
-697
Let j(a) = -8*a**3 - 54*a**2 + 371*a - 27. Determine j(-11).
6
Let r(s) = -47*s**2 + 70*s - 435. Calculate r(7).
-2248
Let t(o) = -1822*o - 278. Determine t(-1).
1544
Let u(z) = 2*z**2 - 3883*z - 35107. Give u(-9).
2
Let z(r) = -85*r**3 + 592*r**2 - 27*r + 13. What is z(7)?
-323
Let q(u) = -85*u**2 + 3045*u + 7044. Give q(38).
14
Let h(o) = -17390*o - 1373811. Determine h(-79).
-1
Let m(b) = -21443*b - 85657. Determine m(-4).
115
Let a(c) = 3*c**3 + 521*c**2 + 13152*c - 700. What is a(-143)?
-128
Let g(i) = -1351*i**3 + 3*i**2 - 110*i - 111. Calculate g(-1).
1353
Let i(u) = -u**2 + 94*u + 1336. Give i(-25).
-1639
Let v(d) = d**3 - 113*d**2 + 3149*d + 35. Calculate v(50).
-15
Let j(a) = 13244*a + 132494. Give j(-10).
54
Let x(z) = -3*z**2 - 288*z + 34149. Determine x(-165).
-6
Let i(w) = -w**3 + 66*w**2 + 28*w - 3491. What is i(66)?
-1643
Let f(l) = -11*l**2 + 2809*l - 833. Calculate f(255).
187
Let l(i) = 132493*i + 1457413. Calculate l(-11).
-10
Let g(j) = -167*j**2 + 1030*j + 989. Give g(7).
16
Let j(m) = 3*m**2 - 6. Give j(-4).
42
Let l(t) = 2035*t - 21235. Determine l(11).
1150
Let s(o) = -3111*o - 21825. Give s(-7).
-48
Let x(o) = 381*o**2 - 3044*o - 7. Give x(8).
25
Let h(p) = 13698*p + 945395. What is h(-69)?
233
Let x(f) = -156*f**2 + 4292*f + 9199. Give x(-2).
-9
Let p(v) = v**3 - 97*v**2 + 1285*v + 656. Calculate p(81).
-235
Let f(q) = 1501*q + 1982. Calculate f(-2).
-1020
Let u(x) = x**2 + 63288*x + 1012352. What is u(-16)?
0
Let u(t) = 9*t**3 - 53*t**2 + 84*t - 538. Calculate u(6).
2
Let o(y) = -2*y**3 - 11*y**2 - 17*y + 247. Determine o(-11).
1765
Let q(v) = 3122*v + 502689. Calculate q(-161).
47
Let t(u) = -99*u**2 + 7926*u - 497. What is t(80)?
-17
Let k(q) = 13*q**3 + 45*q**2 + 147*q + 4. Calculate k(-6).
-2066
Let p(v) = v**3 - 29*v**2 + 25*v + 596. Give p(30).
2246
Let y(j) = -7*j**2 + 575*j - 393. What is y(81)?
255
Let z(h) = -14*h**2 - 3933*h + 15955. Determine z(4).
-1
Let x(o) = 692*o + 23120. What is x(-36)?
-1792
Let x(b) = -7*b**3 + 12*b**2 - 119*b + 391. Determine x(3).
-47
Let c(r) = r**3 - 14*r**2 - 1275*r + 24370. Determine c(29).
10
Let q(h) = 17*h**2 + 39034*h - 78077. What is q(2)?
59
Let v(q) = -q**3 + 441*q**2 - 40969*q + 668. What is v(133)?
3
Let y(s) = -s**3 + 33*s**2 + 567*s - 19474. What is y(31)?
25
Let b(k) = -317250*k - 3489719. Calculate b(-11).
31
Let m(k) = -2995573*k - 32951300. Determine m(-11).
3
Let q(d) = -5143*d + 46277. Give q(9).
-10
Let x(f) = f**2 - 1499*f - 39493. Calculate x(-26).
157
Let z(s) = -2*s**3 - 177*s**2 + 76*s + 14444. What is z(-88)?
12
Let f(n) = 14*n**3 - 22*n**2 - 6*n + 9. Give f(1).
-5
Let z(c) = -72*c - 482. What is z(16)?
-1634
Let p(i) = -270593*i - 5411847. Determine p(-20).
13
Let n(h) = h**3 - 188*h**2 + 1433*h + 1107. Calculate n(180).
-153
Let j(h) = h**3 + 58*h**2 - 608*h - 39. Determine j(9).
-84
Let o(s) = -2*s**3 + s**2 - 9598*s + 76873. Calculate o(8).
-871
